{"id":425,"date":"2019-10-28T22:11:01","date_gmt":"2019-10-28T19:11:01","guid":{"rendered":"https:\/\/the7.io\/dev-studio\/?page_id=425"},"modified":"2023-12-11T22:44:33","modified_gmt":"2023-12-11T19:44:33","slug":"hizmetlerimiz","status":"publish","type":"page","link":"https:\/\/riposoft.com\/index.php\/hizmetlerimiz\/","title":{"rendered":"Hizmetlerimiz"},"content":{"rendered":"<p>[vc_row type=&#8221;vc_default&#8221; css=&#8221;.vc_custom_1572367282154{padding-top: 90px !important;padding-bottom: 20px !important;}&#8221;][vc_column offset=&#8221;vc_col-lg-offset-0 vc_col-lg-12 vc_col-md-offset-0 vc_col-md-12 vc_col-sm-offset-0 vc_col-xs-12&#8243;][vc_row_inner equal_height=&#8221;yes&#8221;][vc_column_inner width=&#8221;1\/2&#8243; css=&#8221;.vc_custom_1572358654459{padding-bottom: 80px !important;}&#8221; offset=&#8221;vc_col-lg-offset-0 vc_col-lg-6 vc_col-md-offset-0 vc_col-md-6 vc_col-sm-offset-0 vc_col-xs-12&#8243;][vc_column_text]<\/p>\n<h3>Cafe-Restaurant-Self Servis-Bar-Pub ve Daha Fazlas\u0131<\/h3>\n<p>[\/vc_column_text][vc_column_text]\u0130\u015fletmenizin ba\u015far\u0131s\u0131nda teknolojinin g\u00fcc\u00fcn\u00fc ke\u015ffedin! Cafe ve restoranlar i\u00e7in \u00f6zel olarak tasarlanm\u0131\u015f otomasyon sistemlerimiz, geleneksel i\u015fletme y\u00f6netiminin \u00f6tesinde bir deneyim sunuyor.<\/p>\n<p><a href=\"https:\/\/riposoft.com\/index.php\/barkod-sistemleri\/\">Daha Fazla Bilgi<\/a>[\/vc_column_text][\/vc_column_inner][vc_column_inner width=&#8221;1\/2&#8243; css=&#8221;.vc_custom_1572358660900{padding-bottom: 80px !important;}&#8221; offset=&#8221;vc_col-lg-offset-0 vc_col-lg-6 vc_col-md-offset-0 vc_col-md-6 vc_col-sm-offset-0 vc_col-xs-12&#8243;][vc_column_text]<\/p>\n<h3>End\u00fcstriyel Donan\u0131m<\/h3>\n<p>[\/vc_column_text][vc_column_text]Projelerinize uygun dokunmatik POS PC, el terminali, dijital ekran, fi\u015f yaz\u0131c\u0131, yazarkasa POS, server PC gibi bir\u00e7ok end\u00fcstriyel donan\u0131m \u00fcr\u00fcnleri i\u00e7in tedarik ve kurulum hizmetlerini sunuyoruz.<\/p>\n<p><a href=\"https:\/\/riposoft.com\/index.php\/endustriyel-donanim\/\">Daha Fazla Bilgi<\/a>[\/vc_column_text][\/vc_column_inner][vc_column_inner width=&#8221;1\/2&#8243; css=&#8221;.vc_custom_1572358646758{padding-bottom: 80px !important;}&#8221; offset=&#8221;vc_col-lg-offset-0 vc_col-lg-6 vc_col-md-offset-0 vc_col-md-6 vc_col-sm-offset-0 vc_col-xs-12&#8243;][vc_column_text]<\/p>\n<h3>Web \u00c7\u00f6z\u00fcmleri<\/h3>\n<p>[\/vc_column_text][vc_column_text]Projelerinize uygun ve \u00f6zel olarak geli\u015ftirdi\u011fimiz yapay zeka ve yaz\u0131l\u0131m \u00e7\u00f6z\u00fcmlerimiz, verimlili\u011finizi art\u0131r\u0131p analitik g\u00fcc\u00fc elde ederek i\u015f s\u00fcre\u00e7lerinizi ak\u0131ll\u0131 ve dijital bir d\u00f6n\u00fc\u015f\u00fcme u\u011frat\u0131r.<\/p>\n<p><a href=\"https:\/\/riposoft.com\/index.php\/web-cozumleri\/\">Daha Fazla Bilgi<\/a>[\/vc_column_text][\/vc_column_inner][vc_column_inner width=&#8221;1\/2&#8243; css=&#8221;.vc_custom_1572358651151{padding-bottom: 80px !important;}&#8221;][vc_column_text]<\/p>\n<h3>Robot Asistan<\/h3>\n<p>[\/vc_column_text][vc_column_text]Kaliteli hizmet altyap\u0131s\u0131na uygun olarak tasarlanan bu asistan robot BellaBot, \u00fcst\u00fcn insan-robot etkile\u015fim yetenekleriyle \u00f6nceki neslin ola\u011fan\u00fcst\u00fc \u00f6zelliklerini miras alarak e\u015fsiz bir deneyim sunar.<\/p>\n<p><a href=\"https:\/\/riposoft.com\/index.php\/robot-asistan\/\">Daha Fazla Bilgi<\/a>[\/vc_column_text][\/vc_column_inner][\/vc_row_inner][vc_row_inner equal_height=&#8221;yes&#8221;][vc_column_inner width=&#8221;1\/2&#8243; css=&#8221;.vc_custom_1572358654459{padding-bottom: 80px !important;}&#8221; offset=&#8221;vc_col-lg-offset-0 vc_col-lg-6 vc_col-md-offset-0 vc_col-md-6 vc_col-sm-offset-0 vc_col-xs-12&#8243;][vc_column_text]<\/p>\n<h3>G\u00fcvenlik Sistemleri<\/h3>\n<p>[\/vc_column_text][vc_column_text]Ya\u015fam alanlar\u0131n\u0131z\u0131n g\u00fcvende oldu\u011fundan emin olmak i\u00e7in ak\u0131ll\u0131 kamera ve \u00e7ok \u00e7e\u015fitli alarm sistemlerimiz sayesinde uzaktan eri\u015fimle bile ortam\u0131n\u0131z\u0131 kontrol imkan\u0131na sahip olacaks\u0131n\u0131z.<\/p>\n<p><a href=\"https:\/\/riposoft.com\/index.php\/guvenlik-sistemleri\/\">Daha Fazla Bilgi<\/a>[\/vc_column_text][\/vc_column_inner][vc_column_inner width=&#8221;1\/2&#8243; css=&#8221;.vc_custom_1572358660900{padding-bottom: 80px !important;}&#8221; offset=&#8221;vc_col-lg-offset-0 vc_col-lg-6 vc_col-md-offset-0 vc_col-md-6 vc_col-sm-offset-0 vc_col-xs-12&#8243;][vc_column_text]<\/p>\n<h3>Dil Terc\u00fcman<\/h3>\n<p>[\/vc_column_text][vc_column_text]%100 yerli olan bu yaz\u0131l\u0131m\u0131m\u0131z sayesinde ayn\u0131 anda onlarca resmi dili, farkl\u0131 dillere sahip y\u00fczlerce ki\u015fi ile anl\u0131k \u00e7eviri teknolojisi sayesinde konu\u015fabilme ve yaz\u0131\u015fabilme imkan\u0131 sunmaktad\u0131r.<\/p>\n<p><a href=\"https:\/\/riposoft.com\/index.php\/dil-tercuman\/\">Daha Fazla Bilgi<\/a>[\/vc_column_text][\/vc_column_inner][vc_column_inner width=&#8221;1\/2&#8243; css=&#8221;.vc_custom_1572358646758{padding-bottom: 80px !important;}&#8221; offset=&#8221;vc_col-lg-offset-0 vc_col-lg-6 vc_col-md-offset-0 vc_col-md-6 vc_col-sm-offset-0 vc_col-xs-12&#8243;][vc_column_text]<\/p>\n<h3>3D Hologram<\/h3>\n<p>[\/vc_column_text][vc_column_text]\u201cDikkat \u00e7ekin, \u00f6ne ge\u00e7in!\u201d slogan\u0131yla \u00fclkemize getirdi\u011fimiz bu yeni \u00fcr\u00fcn, m\u00fc\u015fterilerinizin dikkatini kolayca \u00e7ekebilmek i\u00e7in tasarlanm\u0131\u015f 3D hologram teknolojisine sahip yeni bir reklam arac\u0131d\u0131r.<\/p>\n<p><a href=\"https:\/\/riposoft.com\/index.php\/3d-hologram\/\">Daha Fazla Bilgi<\/a>[\/vc_column_text][\/vc_column_inner][vc_column_inner width=&#8221;1\/2&#8243; css=&#8221;.vc_custom_1572358651151{padding-bottom: 80px !important;}&#8221;][\/vc_column_inner][\/vc_row_inner][\/vc_column][\/vc_row]<\/p>\n","protected":false},"excerpt":{"rendered":"<p>[vc_row type=&#8221;vc_default&#8221; css=&#8221;.vc_custom_1572367282154{padding-top: 90px !important;padding-bottom: 20px !important;}&#8221;][vc_column offset=&#8221;vc_col-lg-offset-0 vc_col-lg-12 vc_col-md-offset-0 vc_col-md-12 vc_col-sm-offset-0 vc_col-xs-12&#8243;][vc_row_inner equal_height=&#8221;yes&#8221;][vc_column_inner width=&#8221;1\/2&#8243; css=&#8221;.vc_custom_1572358654459{padding-bottom: 80px !important;}&#8221; offset=&#8221;vc_col-lg-offset-0 vc_col-lg-6 vc_col-md-offset-0 vc_col-md-6 vc_col-sm-offset-0 vc_col-xs-12&#8243;][vc_column_text] Cafe-Restaurant-Self Servis-Bar-Pub ve Daha Fazlas\u0131 [\/vc_column_text][vc_column_text]\u0130\u015fletmenizin ba\u015far\u0131s\u0131nda teknolojinin g\u00fcc\u00fcn\u00fc ke\u015ffedin! Cafe ve restoranlar i\u00e7in \u00f6zel olarak tasarlanm\u0131\u015f otomasyon sistemlerimiz, geleneksel i\u015fletme y\u00f6netiminin \u00f6tesinde bir deneyim sunuyor. Daha Fazla Bilgi[\/vc_column_text][\/vc_column_inner][vc_column_inner width=&#8221;1\/2&#8243; css=&#8221;.vc_custom_1572358660900{padding-bottom:&hellip;<\/p>\n","protected":false},"author":1,"featured_media":0,"parent":0,"menu_order":40,"comment_status":"closed","ping_status":"closed","template":"","meta":[],"class_list":["post-425","page","type-page","status-publish","hentry","description-off"],"_links":{"self":[{"href":"https:\/\/riposoft.com\/index.php\/wp-json\/wp\/v2\/pages\/425","targetHints":{"allow":["GET"]}}],"collection":[{"href":"https:\/\/riposoft.com\/index.php\/wp-json\/wp\/v2\/pages"}],"about":[{"href":"https:\/\/riposoft.com\/index.php\/wp-json\/wp\/v2\/types\/page"}],"author":[{"embeddable":true,"href":"https:\/\/riposoft.com\/index.php\/wp-json\/wp\/v2\/users\/1"}],"replies":[{"embeddable":true,"href":"https:\/\/riposoft.com\/index.php\/wp-json\/wp\/v2\/comments?post=425"}],"version-history":[{"count":10,"href":"https:\/\/riposoft.com\/index.php\/wp-json\/wp\/v2\/pages\/425\/revisions"}],"predecessor-version":[{"id":1512,"href":"https:\/\/riposoft.com\/index.php\/wp-json\/wp\/v2\/pages\/425\/revisions\/1512"}],"wp:attachment":[{"href":"https:\/\/riposoft.com\/index.php\/wp-json\/wp\/v2\/media?parent=425"}],"curies":[{"name":"wp","href":"https:\/\/api.w.org\/{rel}","templated":true}]}}