{"id":1455,"date":"2023-12-11T14:43:54","date_gmt":"2023-12-11T11:43:54","guid":{"rendered":"https:\/\/riposoft.com\/?page_id=1455"},"modified":"2023-12-11T16:40:38","modified_gmt":"2023-12-11T13:40:38","slug":"web-cozumleri","status":"publish","type":"page","link":"https:\/\/riposoft.com\/index.php\/web-cozumleri\/","title":{"rendered":"Web \u00c7\u00f6z\u00fcmleri"},"content":{"rendered":"<p>[vc_row][vc_column][vc_single_image image=&#8221;1475&#8243; img_size=&#8221;full&#8221; alignment=&#8221;center&#8221;][\/vc_column][\/vc_row]<\/p>\n","protected":false},"excerpt":{"rendered":"<p>[vc_row][vc_column][vc_single_image image=&#8221;1475&#8243; img_size=&#8221;full&#8221; alignment=&#8221;center&#8221;][\/vc_column][\/vc_row]<\/p>\n","protected":false},"author":1,"featured_media":0,"parent":0,"menu_order":0,"comment_status":"closed","ping_status":"closed","template":"","meta":[],"class_list":["post-1455","page","type-page","status-publish","hentry","description-off"],"_links":{"self":[{"href":"https:\/\/riposoft.com\/index.php\/wp-json\/wp\/v2\/pages\/1455","targetHints":{"allow":["GET"]}}],"collection":[{"href":"https:\/\/riposoft.com\/index.php\/wp-json\/wp\/v2\/pages"}],"about":[{"href":"https:\/\/riposoft.com\/index.php\/wp-json\/wp\/v2\/types\/page"}],"author":[{"embeddable":true,"href":"https:\/\/riposoft.com\/index.php\/wp-json\/wp\/v2\/users\/1"}],"replies":[{"embeddable":true,"href":"https:\/\/riposoft.com\/index.php\/wp-json\/wp\/v2\/comments?post=1455"}],"version-history":[{"count":2,"href":"https:\/\/riposoft.com\/index.php\/wp-json\/wp\/v2\/pages\/1455\/revisions"}],"predecessor-version":[{"id":1488,"href":"https:\/\/riposoft.com\/index.php\/wp-json\/wp\/v2\/pages\/1455\/revisions\/1488"}],"wp:attachment":[{"href":"https:\/\/riposoft.com\/index.php\/wp-json\/wp\/v2\/media?parent=1455"}],"curies":[{"name":"wp","href":"https:\/\/api.w.org\/{rel}","templated":true}]}}